 of 1725 and 700925?
575
What is the greatest common divisor of 27492 and 35844?
348
What is the highest common divisor of 21 and 5851167?
21
Calculate the highest common divisor of 6302 and 782.
46
Calculate the greatest common factor of 16320 and 27438.
102
Calculate the highest common factor of 682 and 22066.
22
Calculate the highest common divisor of 275284 and 4.
4
Calculate the highest common divisor of 1701 and 12.
3
What is the greatest common divisor of 45 and 4626?
9
What is the greatest common factor of 116750 and 30?
10
What is the greatest common factor of 264654 and 286?
26
What is the highest common factor of 2349644 and 11?
11
What is the highest common divisor of 11271 and 117?
39
Calculate the highest common factor of 26490 and 1014.
6
What is the greatest common divisor of 5865 and 1495?
115
What is the greatest common factor of 720 and 1125?
45
What is the greatest common divisor of 30 and 47110?
10
Calculate the highest common divisor of 426944 and 42.
14
What is the greatest common divisor of 119367 and 27?
27
What is the greatest common factor of 242 and 6451115?
121
What is the greatest common factor of 152847 and 2187?
243
What is the highest common factor of 1701 and 20937?
21
Calculate the greatest common divisor of 1792 and 90118.
14
Calculate the greatest common factor of 10005 and 18705.
435
What is the highest common divisor of 278766 and 306?
306
Calculate the greatest common factor of 3120 and 2910.
30
What is the highest common factor of 423 and 2724543?
423
What is the highest common divisor of 1566 and 638?
58
What is the greatest common divisor of 105834 and 274827?
1707
Calculate the greatest common divisor of 22112 and 32.
32
Calculate the highest common factor of 28671 and 1596.
57
What is the highest common divisor of 3336147 and 567?
81
What is the greatest common factor of 163928 and 1736?
248
What is the highest common factor of 153 and 1581?
51
Calculate the highest common factor of 306 and 307700.
34
Calculate the greatest common factor of 17 and 192.
1
Calculate the highest common factor of 898104 and 1104.
552
Calculate the greatest common factor of 728 and 234234.
182
Calculate the greatest common factor of 164283 and 21.
21
Calculate the greatest common divisor of 630 and 29070.
90
What is the highest common divisor of 236 and 411938?
118
Calculate the highest common factor of 1404 and 28647.
27
What is the highest common factor of 713070 and 1805?
95
Calculate the highest common factor of 13128123 and 267.
267
What is the highest common factor of 2488980 and 780?
780
What is the greatest common divisor of 43929 and 1998?
27
What is the greatest common factor of 4860 and 1460?
20
What is the highest common divisor of 665 and 54644?
19
Calculate the greatest common factor of 24 and 36426.
6
What is the greatest common factor of 77016 and 264?
24
What is the greatest common divisor of 58038 and 138?
6
What is the highest common divisor of 4606 and 2162?
94
What is the greatest common factor of 327191 and 37?
37
Calculate the highest common divisor of 396 and 63492.
132
What is the highest common divisor of 110 and 176770?
110
What is the greatest common divisor of 2009 and 2842?
49
What is the highest common factor of 348376 and 448?
56
Calculate the highest common divisor of 3715969 and 911.
911
What is the greatest common divisor of 96 and 4215776?
32
What is the highest common factor of 162 and 69417?
81
Calculate the highest common factor of 183122 and 190.
38
Calculate the greatest common divisor of 8645 and 3211.
247
What is the highest common factor of 13 and 163?
1
What is the highest common divisor of 968619 and 402?
201
Calculate the highest common divisor of 3 and 21120.
3
Calculate the highest common factor of 72 and 30663.
9
Calculate the highest common factor of 1150 and 64216.
46
Calculate the highest common factor of 949 and 7957.
73
Calculate the highest common factor of 135352 and 49.
7
What is the greatest common divisor of 116662 and 364?
182
Calculate the greatest common divisor of 22724 and 836.
76
Calculate the greatest common divisor of 1468551 and 21.
21
What is the highest common factor of 75 and 170825?
25
Calculate the greatest common factor of 1085 and 3317.
31
What is the greatest common factor of 71 and 285917?
71
What is the greatest common divisor of 2280 and 163704?
456
What is the greatest common divisor of 12 and 112380?
12
Calculate the highest common divisor of 4375 and 100.
25
What is the greatest common factor of 1442 and 52736?
206
What is the highest common divisor of 18225 and 567?
81
What is the highest common factor of 1217781 and 6095?
1219
What is the greatest common factor of 465073 and 711?
79
What is the greatest common factor of 145257 and 210?
21
Calculate the greatest common divisor of 1234 and 4399210.
1234
Calculate the greatest common factor of 1038 and 226976.
346
What is the greatest common factor of 55977 and 564?
141
Calculate the greatest common divisor of 12 and 11402292.
12
What is the highest common factor of 24 and 72488?
8
What is the highest common divisor of 246008 and 9338?
322
Calculate the highest common factor of 1179629 and 363.
121
Calculate the greatest common divisor of 525385 and 680.
85
What is the highest common factor of 3626 and 2701?
37
What is the highest common divisor of 57301 and 2?
1
Calculate the highest common factor of 86991 and 2568.
321
Calculate the greatest common factor of 30942 and 39346.
382
What is the greatest common factor of 128 and 710224?
16
Calculate the greatest common factor of 4429 and 103.
103
Calculate the highest common divisor of 45 and 66975.
15
What is the highest common factor of 611 and 235?
47
What is the greatest common factor of 2740 and 220?
20
What is the greatest common factor of 6650 and 28?
14
What is the highest common factor of 21 and 984?
3
What is the greatest common factor of 231 and 512281?
77
What is the greatest common factor of 631 and 314869?
631
Calculate the greatest common factor of 119697 and 187.
17
What is the highest common factor of 56 and 536?
8
Calculate the highest common factor of 70 and 529310.
10
What is the highest common factor of 217940 and 60?
20
What is the highest common factor of 32 and 25044?
4
What is the highest common divisor of 6336 and 304?
16
What is the highest common divisor of 490 and 2531095?
245
Calculate the highest common factor of 544 and 42160.
272
Calculate the greatest common divisor of 1616 and 276538.
202
Calculate the highest common factor of 7579 and 429.
143
Calculate the highest common factor of 339200 and 795.
265
What is the greatest common factor of 34496 and 320?
64
What is the greatest common divisor of 47 and 8950492?
47
Calculate the highest common factor of 68 and 39423.
17
Calculate the highest common divisor of 1541 and 182374.
67
Calculate the greatest common factor of 24 and 5496.
24
What is the highest common divisor of 464 and 13543?
29
What is the greatest common factor of 1182058 and 122?
122
Calculate the highest common divisor of 1555 and 14537695.
1555
Calculate the greatest common divisor of 13377 and 10920.
273
What is the highest common factor of 664 and 28528?
8
What is the greatest common factor of 3325 and 41300?
175
Calculate the highest common factor of 1275336 and 36.
36
What is the greatest common factor of 30 and 5582340?
30
What is the highest common divisor of 106431 and 117?
39
Calculate the highest common divisor of 2048 and 6746624.
512
What is the greatest common factor of 90209 and 686?
343
Calculate the greatest common divisor of 8252 and 36.
4
Calculate the highest common divisor of 558413 and 1.
1
What is the highest common factor of 396 and 1476?
36
Calculate the highest common factor of 392 and 148813.
49
What is the greatest common factor of 4480 and 164080?
560
What is the greatest common divisor of 364 and 23764?
52
Calculate the highest common factor of 18711 and 22407.
231
What is the highest common factor of 190 and 610?
10
What is the highest common divisor of 264 and 480480?
264
Calculate the highest common divisor of 1052050 and 150.
50
What is the greatest common factor of 4764 and 6084?
12
Calculate the highest common factor of 2165 and 16.
1
What is the highest co